 + 224*d + 38. Determine s(-19).
-608
Let q(h) = -h**2 + 425*h - 32955. Calculate q(102).
-9
Let g(v) = 3066*v**2 + 144104*v + 91. Calculate g(-47).
-3
Let f(r) = 636*r - 17801. Determine f(27).
-629
Let g(p) = -12*p**2 - 9104*p + 196482. Calculate g(21).
6
Let b(j) = -5863*j - 1330900. Determine b(-227).
1
Let i(n) = n**3 - 23*n**2 - 274*n - 84. Give i(32).
364
Let s(j) = 39*j**2 - 1492*j - 1136. Determine s(39).
-5
Let p(j) = -1328*j + 158519. Give p(121).
-2169
Let l(b) = b**3 - 154*b**2 + 470*b - 72060. Calculate l(154).
320
Let b(w) = -13*w**2 + 564*w + 183. Determine b(45).
-762
Let m(u) = 562*u - 194148. What is m(347)?
866
Let r(z) = 91*z**2 - 108*z - 20. What is r(-3)?
1123
Let i(r) = -r**3 - 185*r**2 - 901*r + 2431. Give i(-7).
16
Let j(w) = w**3 - 14*w**2 - 851*w + 58. Calculate j(-23).
58
Let l(w) = -w**3 + 1442*w**2 + 5754*w - 133. Determine l(-4).
-13
Let j(p) = -1265*p - 6188. Calculate j(-5).
137
Let a(y) = 4*y**3 + 55*y**2 - 80*y - 516. Determine a(-14).
408
Let v(t) = 1476610*t + 1476609. What is v(-1)?
-1
Let f(w) = 139*w**2 - 20962*w - 4071. Calculate f(151).
6
Let x(p) = -p**2 - 612*p - 92751. Give x(-275).
-76
Let g(n) = -n**3 + 93*n**2 - 1517*n + 606. Determine g(72).
246
Let c(j) = 58*j**3 - 9*j**2 - 9*j - 10. Calculate c(3).
1448
Let m(s) = 539*s + 380. Determine m(-1).
-159
Let j(k) = 19*k**2 - 2222*k + 16514. What is j(8)?
-46
Let g(v) = -v**2 - 54576*v - 491071. What is g(-9)?
32
Let u(w) = 650*w**2 - 5*w + 14. Calculate u(1).
659
Let f(c) = -165*c + 2149. What is f(37)?
-3956
Let l(i) = -3019*i - 244533. Calculate l(-81).
6
Let t(s) = -40*s**2 - 840*s + 748. Determine t(-22).
-132
Let k(n) = 22*n**2 - 503*n - 20212. Calculate k(-21).
53
Let c(z) = 16*z**3 + 25*z**2 - 417*z - 13. Calculate c(-6).
-67
Let m(s) = 1454*s - 55187. Calculate m(38).
65
Let b(u) = -93*u - 827. What is b(-15)?
568
Let c(b) = 85103*b - 2382882. Give c(28).
2
Let c(x) = -4378*x + 135695. Give c(31).
-23
Let n(c) = -c**3 - 53*c**2 + 389*c + 28372. What is n(-26)?
6
Let v(i) = -i**3 + i**2 - 46*i - 945. Calculate v(-8).
-1
Let x(d) = -26*d**2 - 378*d + 115. Calculate x(-16).
-493
Let w(o) = 153*o**2 + 3617*o + 821. Calculate w(-23).
-1433
Let o(j) = 910*j - 45847. Calculate o(51).
563
Let c(p) = -p**2 + 65*p + 263. What is c(27)?
1289
Let x(r) = -174*r**2 - 657*r + 16. What is x(-5)?
-1049
Let a(d) = 53*d**2 - 198*d + 623. Give a(7).
1834
Let j(k) = -k**2 - 1717*k - 32789. What is j(-19)?
-527
Let w(v) = -41*v + 401. What is w(-1)?
442
Let t(s) = s**3 - 49*s**2 - 65*s + 543. What is t(50)?
-207
Let t(r) = 11*r**3 + 706*r**2 + 125*r - 56. Calculate t(-64).
136
Let h(p) = 2*p**3 + 319*p**2 - 200*p - 6295. Determine h(-160).
105
Let g(y) = -1188*y + 128321. What is g(108)?
17
Let h(v) = v**2 - 9794*v - 127499. Calculate h(-13).
-8
Let d(p) = -2*p**3 - 33*p**2 + 252*p - 19. Determine d(8).
-1139
Let d(c) = 6*c**2 - 515*c - 3901. Determine d(89).
-2210
Let s(n) = -n**3 - 81*n**2 - 382*n + 47. Determine s(-76).
199
Let b(d) = -4*d**2 - 1974*d + 86395. What is b(-534)?
-113
Let w(s) = 8*s**2 - 1757*s + 12233. Give w(7).
326
Let l(k) = 44*k**2 - 3129*k - 3174. What is l(-1)?
-1
Let l(z) = -z**3 + 116*z**2 - 444*z + 1086. What is l(112)?
1534
Let m(n) = 2*n**2 + 242*n - 4811. What is m(-143)?
1481
Let s(o) = -o**2 - 1215*o + 100949. Calculate s(78).
95
Let u(z) = -2*z**2 - 115404*z - 6341171. Calculate u(-55).
-1
Let j(q) = -q**3 - 822*q**2 - 356*q + 381829. Calculate j(-821).
64
Let q(t) = -t**2 - 11795*t + 106245. What is q(9)?
9
Let x(h) = -h**3 - 18*h**2 + 147*h - 697. What is x(-25)?
3
Let d(b) = -484*b**2 + 57*b + 16. Calculate d(0).
16
Let l(j) = j**3 + 237*j**2 - 1967*j - 1646. What is l(-245)?
69
Let q(w) = -5457*w - 802175. Determine q(-147).
4
Let y(v) = 527*v + 6719. Give y(-15).
-1186
Let y(z) = 403*z - 35552. Give y(88).
-88
Let l(s) = 2*s**3 - 1321*s**2 + 1853*s + 81673. Calculate l(659).
-43
Let d(o) = 49*o**2 + 511*o + 249. What is d(-10)?
39
Let g(x) = 7*x**2 + 1342*x + 17090. Determine g(-178).
2
Let i(v) = 3261*v + 258. Calculate i(0).
258
Let h(x) = x**2 + 34*x - 606. Calculate h(14).
66
Let f(i) = i**3 + 24*i**2 - 67*i - 1581. Give f(-8).
-21
Let i(x) = 2*x**2 + 5396*x + 43185. Give i(-8).
145
Let d(y) = 4*y**3 + 507*y**2 + 381*y + 375. What is d(-126)?
-3
Let j(m) = -2*m**2 + 156*m + 102302. Determine j(-190).
462
Let u(t) = t**3 + 125*t**2 + 129*t + 214. Calculate u(-124).
-406
Let c(l) = 665*l - 2003. Give c(4).
657
Let v(r) = -r**3 + 40*r**2 + 36*r - 541. Calculate v(41).
-746
Let a(h) = -7*h**3 - h**2 + 17*h + 1560. Give a(0).
1560
Let f(k) = 211*k + 23405. Give f(-111).
-16
Let d(w) = 3*w**3 + 333*w**2 - 42*w - 4525. Give d(-111).
137
Let j(y) = -36*y**2 + 117*y + 342. Give j(-3).
-333
Let k(q) = 5*q**3 - 927*q**2 + 395*q - 4936. Calculate k(185).
-311
Let f(z) = z**3 - 41*z**2 - 182*z + 68. Give f(46).
2276
Let u(l) = -l**3 - 21*l**2 - 996*l - 5417. Determine u(-6).
19
Let z(o) = 41*o**2 - 1640*o - 18. Give z(40).
-18
Let j(x) = -x**3 + 35*x**2 + 73*x - 8. Determine j(-2).
-6
Let m(a) = -2*a**2 + 94*a + 1964. Calculate m(62).
104
Let g(i) = 41*i**3 + i**2 - 357*i + 707. Calculate g(2).
325
Let m(n) = 2*n**3 - 433*n**2 + 2730*n - 22. Determine m(210).
-22
Let f(s) = s**3 - 399*s**2 - 544*s + 217060. What is f(399)?
4
Let n(h) = 724*h**3 - 6*h**2 + 6*h - 4. Give n(1).
720
Let n(h) = h**2 - 4947*h - 29561. Determine n(-6).
157
Let r(w) = 76644*w - 612960. Determine r(8).
192
Let v(w) = 7*w - 1253. Calculate v(59).
-840
Let u(q) = -2*q**2 + 521*q + 7904. Determine u(-14).
218
Let t(f) = -6*f**3 + 1993*f**2 - 544*f + 70388. What is t(332)?
4
Let z(k) = 17*k**3 + 1862*k**2 - 872*k + 564. Give z(-110).
-316
Let h(m) = m**3 - 37*m**2 + 1655*m - 64348. What is h(38)?
-14
Let w(b) = -211*b - 81641. Give w(-387).
16
Let c(z) = 366*z**2 + 16*z + 6. What is c(-1)?
356
Let j(q) = 603*q - 14365. Calculate j(26).
1313
Let s(f) = -2*f**3 + 25*f**2 + 115*f - 738. Determine s(14).
284
Let w(q) = -13664*q + 95247. Give w(7).
-401
Let k(j) = 42*j**2 + 206*j + 62. Determine k(-5).
82
Let m(d) = d**3 + 154*d**2 - 235*d + 12069. Determine m(-156).
57
Let i(a) = 640*a**2 + 7640*a + 17. Determine i(-12).
497
Let o(g) = 251*g**2 - 1741*g. Determine o(6).
-1410
Let s(g) = 6*g**3 + 112*g**2 - 49*g - 69. What is s(-19)?
140
Let b(u) = -134*u**2 - 2427*u - 225. What is b(-18)?
45
Let a(q) = -11939*q - 12977684. Give a(-1087).
9
Let n(i) = -10*i - 1486. What is n(-98)?
-506
Let x(q) = -7753*q + 2. Determine x(0).
2
Let b(p) = 2*p**2 - 8383*p + 3608221. What is b(487)?
38
Let q(p) = -p**3 - 20*p**2 - 9*p - 275. Give q(-20).
-95
Let p(q) = 3*q**3 - 709*q**2 + 20288*q + 2436. Determine p(203).
0
Let y(l) = 1093*l - 5829. Give y(5).
-364
Let w(v) = -25*v**2 - 4773*v + 9585. Calculate w(2).
-61
Let a(g) = 320404*g + 640818. Determine a(-2).
10
Let b(o) = 4799*o - 9417. Calculate b(2).
181
Let x(s) = -113*s**2 + 73*s - 25. What is x(1)?
-65
Let y(q) = -128*q**2 + 11740*q - 92630. Give y(83).
-2
Let v(p) = -9768*p - 166163. Calculate v(-17).
-107
Let s(l) = -17707*l - 2160248. Give s(-122).
6
Let t(g) = 2*g**3 + 74*g**2 + 282*g + 537. Determine t(-33).
-57
Let x(z) = 5*z**2 - 1725*z - 3458. Determine x(-2).
12
Let p(x) = 145*x**2 + 257662*x - 5366. Give p(-1777).
-35
Let s(l) = -l**3 + 145*l**2 - 1094*l - 281. Determine s(137).
-7
Let x(j) = -j**2 + 33*j + 756. Calculate x(-26).
-778
Let h(b) = -14876*b + 8985098. Determine h(604).
-6
Let x(w) = -12*w**2 + 4742*w - 23692. Give x(5).
-282
Let m(k) = -61477*k + 5164059. Determine m(84).
-9
Let n(b) = -167*b - 21003. Give n(-126).
39
Let d(n) = 532*n**2 - 56389*n - 314. Calculate d(106).
4
Let o(q) = 8*q**2 + 1361*q + 1362. What is o(-1)?
9
Let x(s) = -70*s**2 - 958*s + 1039. What is x(1)?
11
Let p(y) = 123*y - 12690. Calculate p(101).
-267
Let i(z) = -59278*z**2 + 17961235*z - 307. Determine i(303).
-4
Let u(h) = 3*h**2 + 1799*h + 19434. What is u(-11)?
8
Let k(x) = -158*x + 2785. Calculate k(16).
257
Let t(r) = -753*r - 9192. Determine t(-12).
-156
Let q(t) = -2212*t - 712267. Calculate q(-322).
-3
Let v(q) = -12137*q - 12159. Give v(-1).
-22
Let m(s) = s**3 + 64*s**2 + 1037*s + 700. Determine m(-35).
-70
Let x(c) = 258*c + 6210. Give x(-24).
18
Let p(m) = 1940*m + 7703. What is p(-4)?
-57
Let m(q) = -1329*q*